583 is divided by 394?
7
What is the remainder when 1059 is divided by 7?
2
What is the remainder when 1212 is divided by 51?
39
What is the remainder when 2214 is divided by 15?
9
What is the remainder when 8347 is divided by 14?
3
Calculate the remainder when 463 is divided by 36.
31
What is the remainder when 148 is divided by 30?
28
What is the remainder when 1915 is divided by 71?
69
What is the remainder when 510 is divided by 506?
4
What is the remainder when 2611 is divided by 1297?
17
Calculate the remainder when 103 is divided by 26.
25
Calculate the remainder when 185 is divided by 16.
9
What is the remainder when 55 is divided by 21?
13
Calculate the remainder when 352 is divided by 46.
30
Calculate the remainder when 886 is divided by 863.
23
Calculate the remainder when 839 is divided by 29.
27
What is the remainder when 136 is divided by 47?
42
What is the remainder when 335 is divided by 14?
13
What is the remainder when 841 is divided by 33?
16
What is the remainder when 236 is divided by 77?
5
What is the remainder when 28628 is divided by 24?
20
Calculate the remainder when 516 is divided by 147.
75
Calculate the remainder when 742 is divided by 105.
7
Calculate the remainder when 531 is divided by 105.
6
Calculate the remainder when 138 is divided by 14.
12
What is the remainder when 165 is divided by 56?
53
What is the remainder when 703 is divided by 8?
7
Calculate the remainder when 50 is divided by 27.
23
Calculate the remainder when 17094 is divided by 41.
38
What is the remainder when 707 is divided by 117?
5
Calculate the remainder when 84 is divided by 31.
22
Calculate the remainder when 823 is divided by 384.
55
Calculate the remainder when 8 is divided by 6.
2
What is the remainder when 648 is divided by 131?
124
What is the remainder when 796 is divided by 89?
84
What is the remainder when 279 is divided by 56?
55
Calculate the remainder when 722 is divided by 11.
7
What is the remainder when 329 is divided by 36?
5
What is the remainder when 315 is divided by 74?
19
What is the remainder when 14769 is divided by 70?
69
Calculate the remainder when 501 is divided by 63.
60
What is the remainder when 2233 is divided by 59?
50
Calculate the remainder when 956 is divided by 12.
8
What is the remainder when 799 is divided by 20?
19
Calculate the remainder when 2270 is divided by 755.
5
What is the remainder when 1903 is divided by 83?
77
Calculate the remainder when 311 is divided by 66.
47
What is the remainder when 362 is divided by 61?
57
Calculate the remainder when 8968 is divided by 68.
60
Calculate the remainder when 39 is divided by 15.
9
Calculate the remainder when 69 is divided by 16.
5
Calculate the remainder when 126 is divided by 32.
30
Calculate the remainder when 22 is divided by 4.
2
Calculate the remainder when 4636 is divided by 13.
8
What is the remainder when 1412 is divided by 59?
55
Calculate the remainder when 19 is divided by 11.
8
What is the remainder when 279 is divided by 8?
7
What is the remainder when 992 is divided by 466?
60
Calculate the remainder when 209 is divided by 21.
20
Calculate the remainder when 457 is divided by 22.
17
Calculate the remainder when 1041 is divided by 161.
75
What is the remainder when 32 is divided by 11?
10
What is the remainder when 1793 is divided by 120?
113
Calculate the remainder when 179 is divided by 14.
11
What is the remainder when 3396 is divided by 100?
96
What is the remainder when 838 is divided by 12?
10
Calculate the remainder when 10288 is divided by 98.
96
Calculate the remainder when 261 is divided by 33.
30
Calculate the remainder when 87 is divided by 22.
21
Calculate the remainder when 6040 is divided by 96.
88
What is the remainder when 25 is divided by 13?
12
Calculate the remainder when 177 is divided by 18.
15
Calculate the remainder when 34643 is divided by 13.
11
Calculate the remainder when 41 is divided by 22.
19
Calculate the remainder when 652 is divided by 73.
68
What is the remainder when 54 is divided by 42?
12
Calculate the remainder when 216 is divided by 69.
9
What is the remainder when 1164 is divided by 1125?
39
What is the remainder when 127 is divided by 127?
0
Calculate the remainder when 687 is divided by 672.
15
What is the remainder when 246 is divided by 51?
42
Calculate the remainder when 7071 is divided by 77.
64
What is the remainder when 863 is divided by 73?
60
Calculate the remainder when 92 is divided by 24.
20
What is the remainder when 12986 is divided by 27?
26
Calculate the remainder when 919 is divided by 455.
9
Calculate the remainder when 34 is divided by 26.
8
Calculate the remainder when 1371 is divided by 454.
9
Calculate the remainder when 538 is divided by 36.
34
Calculate the remainder when 356 is divided by 18.
14
Calculate the remainder when 189 is divided by 24.
21
Calculate the remainder when 2255 is divided by 18.
5
Calculate the remainder when 1407 is divided by 278.
17
Calculate the remainder when 161 is divided by 35.
21
Calculate the remainder when 455 is divided by 169.
117
What is the remainder when 705 is divided by 23?
15
What is the remainder when 143 is divided by 47?
2
What is the remainder when 404 is divided by 45?
44
Calculate the remainder when 278 is divided by 14.
12
What is the remainder when 98 is divided by 30?
8
Calculate the remainder when 1724 is divided by 62.
50
What is the remainder when 374 is divided by 29?
26
What is the remainder when 952 is divided by 159?
157
What is the remainder when 324 is divided by 29?
5
What is the remainder when 143 is divided by 51?
41
What is the remainder when 49 is divided by 3?
1
Calculate the remainder when 875 is divided by 116.
63
What is the remainder when 113 is divided by 47?
19
Calculate the remainder when 2635 is divided by 23.
13
What is the remainder when 50 is divided by 12?
2
Calculate the remainder when 138 is divided by 12.
6
What is the remainder when 186 is divided by 59?
9
Calculate the remainder when 1715 is divided by 423.
23
Calculate the remainder when 226 is divided by 104.
18
What is the remainder when 248 is divided by 42?
38
Calculate the remainder when 688 is divided by 343.
2
What is the remainder when 31916 is divided by 60?
56
Calculate the remainder when 273 is divided by 23.
20
Calculate the remainder when 89 is divided by 23.
20
Calculate the remainder when 377 is divided by 38.
35
What is the remainder when 1702 is divided by 71?
69
What is the remainder when 210 is divided by 63?
21
What is the remainder when 1745 is divided by 46?
43
What is the remainder when 582 is divided by 11?
10
Calculate the remainder when 582 is divided by 210.
162
What is the remainder when 1355 is divided by 228?
215
Calculate the remainder when 3723 is divided by 64.
11
What is the remainder when 2197 is divided by 547?
9
Calculate the remainder when 117 is divided by 64.
53
Calculate the remainder when 209 is divided by 81.
47
What is the remainder when 1397 is divided by 35?
32
What is the remainder when 700 is divided by 234?
232
What is the remainder when 3783 is divided by 345?
333
Calculate the remainder when 89 is divided by 37.
15
What is the remainder when 537 is divided by 45?
42
What is the remainder when 912 is divided by 11?
10
Calculate the remainder when 1480 is divided by 16.
8
Calculate the remainder when 46 is divided by 3.
1
What is the remainder when 1518 is divided by 95?
93
What is the remainder when 188 is divided by 19?
17
What is the remainder when 169 is divided by 26?
13
What is the remainder when 18729 is divided by 12?
9
What is the remainder when 48 is divided by 1?
0
What is the remainder when 84 is divided by 33?
18
Calculate the remainder when 110 is divided by 16.
14
Calculate the remainder when 271 is divided by 8.
7
What is the remainder when 154 is divided by 13?
11
Calculate the remainder when 342 is divided by 89.
75
Calculate the remainder when 856 is divided by 75.
31
What is the remainder when 2005 is divided by 53?
44
What is the remainder when 304 is divided by 155?
149
What is the remainder when 1475 is divided by 87?
83
Calculate the remainder when 284 is divided by 78.
50
Calculate the remainder when 32 is divided by 11.
10
Calculate the remainder when 54 is divid